{"id":82,"date":"2020-08-14T12:24:58","date_gmt":"2020-08-14T10:24:58","guid":{"rendered":"http:\/\/oporto-douro.com\/index.php\/porto-sejournez-au-coeur-du-centre-ville-portugues\/"},"modified":"2020-08-14T12:24:58","modified_gmt":"2020-08-14T10:24:58","slug":"porto-sejournez-au-coeur-du-centre-ville-portugues","status":"publish","type":"page","link":"https:\/\/oporto-douro.com\/index.php\/pt\/porto-sejournez-au-coeur-du-centre-ville-portugues\/","title":{"rendered":"Porto, s\u00e9journez au c\u0153ur du centre ville &#8211; Portugu\u00eas"},"content":{"rendered":"","protected":false},"excerpt":{"rendered":"","protected":false},"author":1,"featured_media":0,"parent":0,"menu_order":0,"comment_status":"closed","ping_status":"closed","template":"","meta":[],"_links":{"self":[{"href":"https:\/\/oporto-douro.com\/index.php\/wp-json\/wp\/v2\/pages\/82"}],"collection":[{"href":"https:\/\/oporto-douro.com\/index.php\/wp-json\/wp\/v2\/pages"}],"about":[{"href":"https:\/\/oporto-douro.com\/index.php\/wp-json\/wp\/v2\/types\/page"}],"author":[{"embeddable":true,"href":"https:\/\/oporto-douro.com\/index.php\/wp-json\/wp\/v2\/users\/1"}],"replies":[{"embeddable":true,"href":"https:\/\/oporto-douro.com\/index.php\/wp-json\/wp\/v2\/comments?post=82"}],"version-history":[{"count":0,"href":"https:\/\/oporto-douro.com\/index.php\/wp-json\/wp\/v2\/pages\/82\/revisions"}],"wp:attachment":[{"href":"https:\/\/oporto-douro.com\/index.php\/wp-json\/wp\/v2\/media?parent=82"}],"curies":[{"name":"wp","href":"https:\/\/api.w.org\/{rel}","templated":true}]}}